958 is divided by ((-3465)/(-462))/(39/(-48) + 1)?
38
Let i(h) = -6*h - 53. Let n = -6 + 3. Let o be -13 + (3 + n)/1. What is the remainder when 73 is divided by i(o)?
23
Suppose 5*o - 8*o + 24 = 0, 2*f - 36382 = 3*o. Calculate the remainder when f is divided by 11.
9
Suppose 8*f + f - 45 = 0. Suppose 0 = 3*u + 15, f*u - 62 = -2*t - 15. Let n = 53 - t. Calculate the remainder when 30 is divided by n.
13
Let w = -156 + 240. Suppose -5*o + 103 = 4*d, -2*d = -5*d + 3*o + w. Calculate the remainder when 159 is divided by d.
24
Let o(u) = -u**3 - 3*u**2 - u + 22. Let z be o(-8). Let q = z - 274. Calculate the remainder when q is divided by 6.
4
Suppose 0*u + 84 = 7*u. Suppose -2*k + 3*y = -0 - 7, 3*k - 5*y - u = 0. Calculate the remainder when 10 is divided by (6/10)/(5*k/(-25)).
1
Suppose -6*p + 10 = -26. Suppose -x - 8 = 3*x. Calculate the remainder when 76 is divided by (-1 - x)/(p/120).
16
Suppose -12 = -2*d + 4*i + 64, -3*d - 5*i + 147 = 0. Let h(o) = o**3 + 5*o**2 - 9*o + 3. Calculate the remainder when d is divided by h(-6).
2
Let p be (-12)/(6 + 4672/(-776)). Let s = -572 + p. What is the remainder when 19 is divided by s?
9
Suppose -5*u - 20*p + 24*p + 216 = 0, 0 = -2*u + 4*p + 96. What is the remainder when 418 is divided by u?
18
Let m(p) = p**3 - 8*p**2 - 8*p - 5. Let v be 33/132 + -1 + 85/(-4). Let r = -19 - v. What is the remainder when m(9) is divided by r?
1
Suppose -109*j = -93*j - 832. Calculate the remainder when 1337 is divided by j.
37
Suppose -24440 = -82*q + 35*q. Calculate the remainder when q is divided by 139.
103
Let p(r) = -19*r**3 + 4*r**2 - 20*r - 47. What is the remainder when p(-2) is divided by 57?
47
Suppose 80*y - 78*y + 5*c - 606 = 0, -2*c + 606 = 2*y. Calculate the remainder when y is divided by 60.
3
Suppose -2363*f = -2369*f + 528. What is the remainder when 519 is divided by 156/(-4 + f/16)?
103
Let v = 43 + -41. Suppose -v*o = -155 + 15. Let d = o - 47. What is the remainder when 91 is divided by d?
22
Let t = -46 + 204. Calculate the remainder when t is divided by ((-164)/18)/(1702/(-207) - (182/(-14) + 5)).
35
Let j = -14893 - -14911. Calculate the remainder when 11571 is divided by j.
15
Suppose -9675 = -2*c - 5553. Calculate the remainder when c is divided by 680.
21
Suppose 0 = -4*l + 51 - 27. What is the remainder when l - 7 - (302*-1 - 0) is divided by 76?
73
Let n = 414 + -14. Suppose -6*p - m = -p - 407, 0 = m + 3. Calculate the remainder when n is divided by p.
72
Let r(u) = u**2 - 32*u + 69. Let y be r(32). Let k = 221 - y. What is the remainder when k is divided by 40?
32
Let d = 2629 - 2602. What is the remainder when 427 is divided by d?
22
Suppose 5*q + 2*h - 15 + 9 = 0, 3*h = q - 8. Suppose -q*f - 26 = -2*n, 2*n - 5 = -5*f - 7. Calculate the remainder when 23 is divided by n.
5
Suppose 76972 + 10994 = 54*j. Calculate the remainder when j is divided by 46.
19
Let r = -69 + 79. What is the remainder when 1 - (-101 - 2) - 0/r is divided by 7?
6
Calculate the remainder when (2 + -1)*(9 - (-27 - 213)) is divided by 89.
71
Let k = -20106 + 20688. Calculate the remainder when k is divided by 247.
88
Let p be (26/(-78))/((-2)/66). Let t be 2/p - (-3416)/88. Suppose 351 = 5*m - t. What is the remainder when m is divided by 20?
18
Suppose 893 = 2*i - 5*f - 415, 3*i + 4*f - 1916 = 0. What is the remainder when i is divided by 108?
104
Let k(i) = 4*i + 5. Let n be k(-6). Let b = 23 + n. What is the remainder when 2/b - (-25)/2 is divided by 8?
5
Let k(t) = -3*t**3 - t**2 - 4*t - 4. Let b be k(-2). What is the remainder when 1 - (-1 - (3 + b)) is divided by (30/(-8))/(-5) + 2501/164?
13
Let n be ((16/(-6))/2)/(22/(-33)). Let y(u) = 16*u + 42. Let c be y(25). Suppose -n*w + 15*w - c = 0. Calculate the remainder when 67 is divided by w.
33
Suppose 4*j = 2*t - 1206, -7*t + j + 4221 = 2*j. Calculate the remainder when t is divided by 76.
71
Calculate the remainder when (6/(-1) - (-30 - -25))/(2/(-1030)) is divided by 37.
34
Let d = -13249 + 13397. What is the remainder when 626 is divided by d?
34
Suppose 4*k = 2*r + 130 + 76, -4*k = -r - 207. Let m(d) = d**3 - 6*d**2 + 3. Let g be m(4). Let z = g + k. Calculate the remainder when 65 is divided by z.
19
Suppose -8*s + 32 = -104. Let v(a) = a**3 - 20*a**2 + 51*a + 37. What is the remainder when 107 is divided by v(s)?
33
Suppose 0 = 5*q - 524 + 414. What is the remainder when 1925 is divided by q?
11
Let r(b) = 313*b - 3833. What is the remainder when 644 is divided by r(13)?
172
Suppose -l = 4*l - 20. Suppose l*b - 60 = -b. What is the remainder when ((1430/462 + (-2)/(-14))*-3)/((-8)/28) is divided by b?
10
Suppose l = -0*l - 1, 4*z = -2*l - 22. Let x(y) = y**3 + 7*y**2 + y - 5. Calculate the remainder when x(z) is divided by 22.
18
Let s be 3/(-6)*(-18)/15*-5. Let a be (s - -2 - -15)*(4 - -1). Suppose 2*w - a = -26. What is the remainder when 108 is divided by w?
20
Let z(w) = 7 - 2 - 44 - 8*w. What is the remainder when z(-11) is divided by 17?
15
Let s be (-24)/(-6) + -7 + -1. Calculate the remainder when 3 - 3 - 176/s is divided by 23.
21
Suppose -73 = -a - 78. Let b(i) = 3*i**3 + 13*i**2 - 13*i - 6. What is the remainder when b(a) is divided by 7?
2
Suppose -a + 4171 = d, -98*d = -95*d - 5*a - 12577. What is the remainder when d is divided by 38?
37
Suppose -3*j + 4*j - 120 = 0. Calculate the remainder when j is divided by 8/(-14) - ((-1850)/126 + (-333)/(-2997)).
8
Suppose -2*b + 0*r = -r - 36, -b + 3*r + 28 = 0. What is the remainder when 30 is divided by b?
14
Let q be (-924)/(-36) - 1/(-3). Suppose q*y - 23*y = -3. What is the remainder when 70 is divided by 5 - (-3 + 0 + y)?
7
Let h be 16*1*-2*(-5)/10. Suppose 12 + h = 7*v. Calculate the remainder when 6 is divided by v.
2
Suppose 0 = -l - 5*p - 71 + 223, -8 = -2*p. Suppose b + 0*b + 60 = 2*r, 4*r = -b + l. Calculate the remainder when 112 is divided by r.
16
Let u be (1 - -353)*(-6)/18. What is the remainder when (-1 + (-12)/(-8))/((-1)/u) is divided by 24?
11
Let u(g) = 3*g - 7. Suppose 25*t + 5 - 30 = 0. What is the remainder when u(5) is divided by (-24)/12 - -5*1*t?
2
Calculate the remainder when (54/(-63))/((-12)/1554) is divided by 23.
19
Suppose -119*o - 142*o = -218*o - 1634. What is the remainder when 2*(0 + -1) + 112 is divided by o?
34
Suppose 3*j + 2*j + 2 = 3*u, -2*j + 24 = 5*u. Suppose 2*f + 3*s = 174, 4*f + j*s = 9*f - 435. Calculate the remainder when f is divided by 24.
15
Let o = -308 - -3511. Calculate the remainder when o is divided by 89.
88
Let s = 42 + -29. What is the remainder when s/((-182)/21)*(0 + -74) is divided by 8?
7
Let n(g) = -12*g - 210. Let s be (-1 - 26)*10/15. Calculate the remainder when 1/1*(37 + -2) is divided by n(s).
5
Let s = -102 + 365. What is the remainder when s is divided by 135?
128
Suppose -3*m + 5*m + 8 = 0. Let q be (m - (-92 + -3 + 2)) + -4. Suppose q + 377 = 7*y. What is the remainder when y is divided by 25?
16
Calculate the remainder when (-8)/26*((-176575)/50 - 24) is divided by 149.
51
Let j = 297 + -419. What is the remainder when 1*(-4 - -3 - j) is divided by 4?
1
What is the remainder when (29/(-435)*100)/((-10)/1236) is divided by 10?
4
What is the remainder when 203 is divided by 185/(-7 + 2)*-1 + 9?
19
Let t be 28/(-7)*(1 - (-2)/(-8)). Let h be ((-4)/t)/(36/81). Let y(z) = 4*z**2 - 3*z - 1. Calculate the remainder when 77 is divided by y(h).
25
Let h(u) = 3*u - 29. Let c(q) = 4*q - 28. Suppose -8*b - 11 = 37. Let w(s) = b*c(s) + 7*h(s). What is the remainder when 11 is divided by w(-13)?
3
Let j(y) = -3*y**3 + 16*y**2 + y - 12. Let i = 3 - -13. Let u be (-66)/(-14) + (i/(-28))/(-2). Calculate the remainder when 33 is divided by j(u).
15
Let q = 942 - 934. What is the remainder when 1516*(0 + q/16) is divided by 10?
8
What is the remainder when (-65314)/(-32) - (-1)/(-16) is divided by 28?
25
Suppose t + 0*r = r + 40, 2*t = 4*r + 70. Suppose 2*u + 3*u + t = 5*q, 3*u = -3*q + 9. Calculate the remainder when 31 is divided by q.
1
What is the remainder when (12/(-10))/((-1)/35) is divided by (105/6)/(75/60)?
0
Let k(p) = 2*p**3 - 40*p**2 + 238*p - 40. What is the remainder when k(16) is divided by 28?
12
Calculate the remainder when 2013 is divided by (13995/(-50))/(-9) + 3 + 186/(-60).
29
What is the remainder when (-315)/84*((-1)/